{"id":32,"date":"2018-02-12T14:15:30","date_gmt":"2018-02-12T14:15:30","guid":{"rendered":"http:\/\/www.maranatapropiedades.cl\/?page_id=32"},"modified":"2018-02-19T20:24:34","modified_gmt":"2018-02-19T20:24:34","slug":"servicios-2","status":"publish","type":"page","link":"https:\/\/www.maranatapropiedades.cl\/?page_id=32","title":{"rendered":"Servicios"},"content":{"rendered":"<p style=\"text-align: justify;\">\n<p style=\"text-align: justify;\"><span style=\"font-family: verdana, geneva;\">Nuestra experiencia en el rubro de compra-venta de propiedades, nos permite asesorarlo en buscar una mejor rentabilidad para su bien ra\u00edz, realizando una gesti\u00f3n eficiente, en la cual las partes se sientan conformes y bien asesoradas en las diferentes etapas del proceso<\/span><\/p>\n<ul style=\"text-align: justify;\">\n<li><span style=\"font-family: verdana, geneva;\">Lo asesoramos en asignar valor a su propiedad, conforme a valores de mercado<\/span><\/li>\n<li><span style=\"font-family: verdana, geneva;\">Publicamos en los portales inmobiliarios con mayor prestigio y participaci\u00f3n de mercado<\/span><\/li>\n<li><span style=\"font-family: verdana, geneva;\">Publicamos en redes sociales, a fin de alcanzar una mayor cantidad de clientes a trav\u00e9s de Facebook, Twitter e Instagram<\/span><\/li>\n<li><span style=\"font-family: verdana, geneva;\">Instalamos letreros para promocionar la propiedad (si el cliente est\u00e1 de acuerdo)<\/span><\/li>\n<li><span style=\"font-family: verdana, geneva;\">Confecci\u00f3n de Promesa de Compra Venta, asesor\u00eda legal, orientaci\u00f3n y definici\u00f3n de los distintos aspectos, a fin de brindar seguridad a las partes involucradas en el proceso<\/span><\/li>\n<li><span style=\"font-family: verdana, geneva;\">Recopilaci\u00f3n de antecedentes legales y t\u00e9cnicos, requeridos por los Bancos o abogados, seg\u00fan corresponda<\/span><\/li>\n<li><span style=\"font-family: verdana, geneva;\">Coordinar firmas de las partes involucradas en la compra venta, a fin de acotar las brechas de tiempo<\/span><\/li>\n<li><span style=\"font-family: verdana, geneva;\">Seguimiento de la causa y soluci\u00f3n de objeciones, seg\u00fan corresponda, a fin de disminuir plazos en la gesti\u00f3n<\/span><\/li>\n<li><span style=\"font-family: verdana, geneva;\">Inscripci\u00f3n de la Escritura de Compra Venta, en el Conservador de Bienes Ra\u00edces que proceda, en el caso de ventas \u201ccontado\u201d<\/span><\/li>\n<li><span style=\"font-family: verdana, geneva;\">Entrega material de la propiedad a su nuevo propietario.<\/span><\/li>\n<\/ul>\n<p style=\"text-align: justify;\"><span style=\"font-family: verdana, geneva;\">\u00a0<\/span><\/p>\n","protected":false},"excerpt":{"rendered":"<p>Nuestra experiencia en el rubro de compra-venta de propiedades, nos permite asesorarlo en buscar una mejor rentabilidad para su bien ra\u00edz, realizando una gesti\u00f3n eficiente, en la cual las partes se sientan conformes y bien asesoradas en las diferentes etapas del proceso Lo asesoramos en asignar valor a su propiedad,\u2026<\/p>\n<p class=\"continue-reading-button\"> <a class=\"continue-reading-link\" href=\"https:\/\/www.maranatapropiedades.cl\/?page_id=32\">Continue reading<i class=\"crycon-right-dir\"><\/i><\/a><\/p>\n","protected":false},"author":1,"featured_media":0,"parent":0,"menu_order":3,"comment_status":"closed","ping_status":"closed","template":"","meta":[],"_links":{"self":[{"href":"https:\/\/www.maranatapropiedades.cl\/index.php?rest_route=\/wp\/v2\/pages\/32"}],"collection":[{"href":"https:\/\/www.maranatapropiedades.cl\/index.php?rest_route=\/wp\/v2\/pages"}],"about":[{"href":"https:\/\/www.maranatapropiedades.cl\/index.php?rest_route=\/wp\/v2\/types\/page"}],"author":[{"embeddable":true,"href":"https:\/\/www.maranatapropiedades.cl\/index.php?rest_route=\/wp\/v2\/users\/1"}],"replies":[{"embeddable":true,"href":"https:\/\/www.maranatapropiedades.cl\/index.php?rest_route=%2Fwp%2Fv2%2Fcomments&post=32"}],"version-history":[{"count":4,"href":"https:\/\/www.maranatapropiedades.cl\/index.php?rest_route=\/wp\/v2\/pages\/32\/revisions"}],"predecessor-version":[{"id":100,"href":"https:\/\/www.maranatapropiedades.cl\/index.php?rest_route=\/wp\/v2\/pages\/32\/revisions\/100"}],"wp:attachment":[{"href":"https:\/\/www.maranatapropiedades.cl\/index.php?rest_route=%2Fwp%2Fv2%2Fmedia&parent=32"}],"curies":[{"name":"wp","href":"https:\/\/api.w.org\/{rel}","templated":true}]}}